{"id":100,"date":"2017-09-07T11:54:05","date_gmt":"2017-09-07T09:54:05","guid":{"rendered":"http:\/\/sztf.edu.pl\/2018\/?page_id=100"},"modified":"2018-02-11T20:01:22","modified_gmt":"2018-02-11T19:01:22","slug":"witamy","status":"publish","type":"page","link":"https:\/\/sztf.edu.pl\/2018\/witamy\/","title":{"rendered":"Szanowni Pa\u0144stwo!"},"content":{"rendered":"<h4 style=\"text-align: justify;\"><strong style=\"font-size: 16px;\">Uniwersytet Rolniczy w Krakowie<\/strong><span style=\"font-weight: 400; font-size: 16px;\"> ma przyjemno\u015b\u0107 zaprosi\u0107 Was na <\/span><strong style=\"font-size: 16px;\">XIX Szko\u0142\u0119 Technologii Fermentacji<\/strong><span style=\"font-weight: 400; font-size: 16px;\">, jedn\u0105 z najstarszych imprez bran\u017cy s\u0142odowniczej i browarniczej w Europie \u015arodkowej i Wschodniej. Temat przewodni kolejnej edycji SzTF brzmi:<\/span><\/h4>\n<h2 style=\"text-align: left;\"><strong>DIALOG mi\u0119dzy rolnictwem, przemys\u0142em i nauk\u0105 fundamentem zr\u00f3wnowa\u017conego rozwoju &#8211; r\u00f3\u017cnorodno\u015b\u0107 surowc\u00f3w, technologii i piw.<\/strong><\/h2>\n<h4 style=\"text-align: justify;\"><span style=\"font-weight: 400;\">Konferencja odb\u0119dzie si\u0119\u00a0<\/span><strong>w dniach 16-18 maja 2018 roku w\u00a0<a href=\"http:\/\/kocierz.pl\/\" target=\"_blank\" rel=\"noopener\">Hotelu Kocierz<\/a><\/strong><span style=\"font-weight: 400;\"><strong>.<\/strong>\u00a0To unikalna szansa dla \u015brodowisk akademickich, praktyk\u00f3w i zainteresowanych stron bran\u017cy piwowarskiej do spotkania, wsp\u00f3lnej dyskusji i integracji. <\/span><\/h4>\n<p style=\"text-align: justify;\"><span style=\"font-weight: 400;\">Aby zapozna\u0107 si\u0119 z ide\u0105 Szko\u0142y Technologii Fermentacji, zobacz poprzedni\u0105 edycj\u0119: <a href=\"http:\/\/sztf2016.edu.pl\" target=\"_blank\" rel=\"noopener\">SzTF 2016.<\/a><\/span><\/p>\n<div style=\"margin: 20px 0;\"><div class=\"qrcswholewtapper\" style=\"text-align:left;\"><div class=\"qrcprowrapper\"  id=\"qrcwraa2leds\"><div class=\"qrc_canvass\" id=\"qrc_cuttenpages_2\" style=\"display:inline-block\" data-text=\"https:\/\/sztf.edu.pl\/2018\/witamy\/\"><\/div><div><a download=\"Szanowni Pa\u0144stwo!.png\" class=\"qrcdownloads\" id=\"worign\">\r\n           <button type=\"button\" style=\"min-width:200px;background:#dddddd;color:#000;font-weight: 600;border: 1px solid #dddddd;border-radius:4px;font-size:12px;padding: 6px 0;\" class=\"uqr_code_btn\">Download QR<\/button>\r\n           <\/a><\/div><\/div><\/div><\/div>","protected":false},"excerpt":{"rendered":"<p>Uniwersytet Rolniczy w Krakowie ma przyjemno\u015b\u0107 zaprosi\u0107 Was na XIX Szko\u0142\u0119 Technologii Fermentacji, jedn\u0105 z najstarszych imprez bran\u017cy s\u0142odowniczej i browarniczej w Europie \u015arodkowej i&#8230;<\/p>\n","protected":false},"author":1,"featured_media":0,"parent":0,"menu_order":0,"comment_status":"closed","ping_status":"closed","template":"","meta":{"_exactmetrics_skip_tracking":false,"_exactmetrics_sitenote_active":false,"_exactmetrics_sitenote_note":"","_exactmetrics_sitenote_category":0,"jetpack_post_was_ever_published":false,"footnotes":""},"class_list":["post-100","page","type-page","status-publish","hentry"],"jetpack_sharing_enabled":true,"jetpack_shortlink":"https:\/\/wp.me\/P98bIM-1C","jetpack-related-posts":[],"_links":{"self":[{"href":"https:\/\/sztf.edu.pl\/2018\/wp-json\/wp\/v2\/pages\/100","targetHints":{"allow":["GET"]}}],"collection":[{"href":"https:\/\/sztf.edu.pl\/2018\/wp-json\/wp\/v2\/pages"}],"about":[{"href":"https:\/\/sztf.edu.pl\/2018\/wp-json\/wp\/v2\/types\/page"}],"author":[{"embeddable":true,"href":"https:\/\/sztf.edu.pl\/2018\/wp-json\/wp\/v2\/users\/1"}],"replies":[{"embeddable":true,"href":"https:\/\/sztf.edu.pl\/2018\/wp-json\/wp\/v2\/comments?post=100"}],"version-history":[{"count":11,"href":"https:\/\/sztf.edu.pl\/2018\/wp-json\/wp\/v2\/pages\/100\/revisions"}],"predecessor-version":[{"id":396,"href":"https:\/\/sztf.edu.pl\/2018\/wp-json\/wp\/v2\/pages\/100\/revisions\/396"}],"wp:attachment":[{"href":"https:\/\/sztf.edu.pl\/2018\/wp-json\/wp\/v2\/media?parent=100"}],"curies":[{"name":"wp","href":"https:\/\/api.w.org\/{rel}","templated":true}]}}