{"id":567,"date":"2018-02-10T20:27:22","date_gmt":"2018-02-10T19:27:22","guid":{"rendered":"http:\/\/sztf.edu.pl\/2018\/?page_id=567"},"modified":"2018-03-27T15:37:54","modified_gmt":"2018-03-27T13:37:54","slug":"scientific-committee","status":"publish","type":"page","link":"https:\/\/sztf.edu.pl\/2018\/en\/about\/scientific-committee\/","title":{"rendered":"Scientific Committee"},"content":{"rendered":"<div class=\"gmail_default\"><strong>dr hab. in\u017c. Aleksander Poreda<\/strong><br \/>\n<span class=\"s2\">University of Agriculture in Krak\u00f3w<\/span><\/div>\n<div>\n<hr \/>\n<\/div>\n<div class=\"gmail_default\"><strong>dr hab. in\u017c. Pawe\u0142\u00a0Satora<\/strong><\/div>\n<div class=\"gmail_default\"><span class=\"s2\">University of Agriculture in Krak\u00f3w, Poland<\/span><\/div>\n<div>\n<hr \/>\n<\/div>\n<div class=\"gmail_default\"><strong>dr hab. in\u017c. Edyta Kordialik-Bogacka<\/strong><br \/>\nPolitechnika \u0141\u00f3dzka, Poland<\/div>\n<div class=\"gmail_default\">\n<hr \/>\n<p><strong>dr hab. in\u017c. Joanna Kawa-Rygielska<\/strong><br \/>\nprof. UP, Uniwersytet Przyrodniczy we Wroc\u0142awiu, Poland<\/p>\n<\/div>\n<div class=\"gmail_default\">\n<hr \/>\n<p><strong>dr in\u017c. Marek Zdaniewicz<\/strong><br \/>\nUniversity of Agriculture Krak\u00f3w, Poland<\/p>\n<\/div>\n<div class=\"gmail_default\">\n<hr \/>\n<p><strong>prof. Jessika De Clippereer<br \/>\n<\/strong><span style=\"font-family: -apple-system, BlinkMacSystemFont, 'Segoe UI', Roboto, Oxygen-Sans, Ubuntu, Cantarell, 'Helvetica Neue', sans-serif;\">Ghent University, Belgium<\/span><\/p>\n<\/div>\n<div class=\"gmail_default\">\n<hr \/>\n<p><strong>dr Gert De Rouck<\/strong><br \/>\nKU Leuven, Belgium<\/p>\n<\/div>\n<div class=\"gmail_default\">\n<hr \/>\n<p><strong>dr Roland Pahl<\/strong><br \/>\nVLB Berlin, Germany<\/p>\n<\/div>\n","protected":false},"excerpt":{"rendered":"<p>dr hab. in\u017c. Aleksander Poreda University of Agriculture in Krak\u00f3w dr hab. in\u017c. Pawe\u0142\u00a0Satora University of Agriculture in Krak\u00f3w, Poland dr hab. in\u017c. Edyta Kordialik-Bogacka&#8230;<\/p>\n","protected":false},"author":1,"featured_media":0,"parent":44,"menu_order":0,"comment_status":"closed","ping_status":"closed","template":"","meta":{"_exactmetrics_skip_tracking":false,"_exactmetrics_sitenote_active":false,"_exactmetrics_sitenote_note":"","_exactmetrics_sitenote_category":0,"jetpack_post_was_ever_published":false,"footnotes":""},"class_list":["post-567","page","type-page","status-publish","hentry"],"jetpack_sharing_enabled":true,"jetpack_shortlink":"https:\/\/wp.me\/P98bIM-99","jetpack-related-posts":[],"_links":{"self":[{"href":"https:\/\/sztf.edu.pl\/2018\/wp-json\/wp\/v2\/pages\/567","targetHints":{"allow":["GET"]}}],"collection":[{"href":"https:\/\/sztf.edu.pl\/2018\/wp-json\/wp\/v2\/pages"}],"about":[{"href":"https:\/\/sztf.edu.pl\/2018\/wp-json\/wp\/v2\/types\/page"}],"author":[{"embeddable":true,"href":"https:\/\/sztf.edu.pl\/2018\/wp-json\/wp\/v2\/users\/1"}],"replies":[{"embeddable":true,"href":"https:\/\/sztf.edu.pl\/2018\/wp-json\/wp\/v2\/comments?post=567"}],"version-history":[{"count":6,"href":"https:\/\/sztf.edu.pl\/2018\/wp-json\/wp\/v2\/pages\/567\/revisions"}],"predecessor-version":[{"id":726,"href":"https:\/\/sztf.edu.pl\/2018\/wp-json\/wp\/v2\/pages\/567\/revisions\/726"}],"up":[{"embeddable":true,"href":"https:\/\/sztf.edu.pl\/2018\/wp-json\/wp\/v2\/pages\/44"}],"wp:attachment":[{"href":"https:\/\/sztf.edu.pl\/2018\/wp-json\/wp\/v2\/media?parent=567"}],"curies":[{"name":"wp","href":"https:\/\/api.w.org\/{rel}","templated":true}]}}